nd 2?
1
Calculate the greatest common divisor of 9 and 144.
9
What is the highest common factor of 87 and 203?
29
What is the greatest common divisor of 8 and 64?
8
What is the greatest common divisor of 200 and 31500?
100
What is the greatest common factor of 33 and 44?
11
What is the greatest common divisor of 450 and 400?
50
What is the greatest common factor of 53 and 2014?
53
What is the greatest common divisor of 620 and 220?
20
What is the highest common factor of 190 and 38?
38
Calculate the greatest common factor of 36 and 81.
9
Calculate the greatest common factor of 17533 and 394.
197
What is the greatest common divisor of 138 and 10?
2
What is the highest common factor of 3575 and 22?
11
Calculate the highest common divisor of 171 and 63.
9
Calculate the highest common divisor of 165 and 187.
11
What is the highest common factor of 183 and 122?
61
Calculate the highest common divisor of 351 and 52.
13
Calculate the greatest common divisor of 78 and 117.
39
What is the greatest common factor of 14 and 322?
14
What is the greatest common factor of 81 and 837?
27
Calculate the greatest common factor of 30 and 840.
30
What is the highest common divisor of 224 and 14?
14
Calculate the highest common divisor of 138 and 6.
6
Calculate the highest common divisor of 6355 and 248.
31
Calculate the greatest common divisor of 76 and 19.
19
What is the greatest common factor of 207 and 72?
9
What is the highest common divisor of 40 and 8?
8
What is the highest common divisor of 8 and 37?
1
Calculate the highest common factor of 96 and 168.
24
Calculate the highest common divisor of 16 and 130.
2
Calculate the greatest common factor of 1257 and 63.
3
Calculate the greatest common divisor of 9 and 1179.
9
Calculate the greatest common factor of 184 and 2254.
46
Calculate the greatest common factor of 20 and 390.
10
What is the highest common factor of 67 and 14137?
67
What is the greatest common factor of 837 and 62?
31
What is the highest common divisor of 14 and 889?
7
Calculate the highest common divisor of 15588 and 36.
36
What is the highest common factor of 75 and 321?
3
Calculate the greatest common factor of 2842 and 2.
2
What is the highest common factor of 114 and 402?
6
What is the greatest common factor of 49 and 4067?
49
What is the highest common factor of 9 and 1251?
9
What is the highest common factor of 245 and 25?
5
What is the greatest common factor of 102 and 68?
34
Calculate the highest common factor of 234 and 18.
18
What is the highest common factor of 442 and 104?
26
What is the greatest common factor of 3180 and 159?
159
Calculate the highest common divisor of 21 and 616.
7
Calculate the highest common factor of 119 and 14.
7
Calculate the greatest common divisor of 2600 and 24.
8
Calculate the highest common factor of 427 and 63.
7
What is the greatest common divisor of 10 and 1030?
10
What is the highest common factor of 54 and 34?
2
What is the highest common divisor of 145 and 10?
5
What is the highest common factor of 23 and 437?
23
Calculate the greatest common factor of 801 and 5429.
89
Calculate the highest common divisor of 312 and 472.
8
What is the greatest common divisor of 252 and 27?
9
What is the greatest common divisor of 135 and 108?
27
Calculate the highest common factor of 33 and 528.
33
What is the greatest common factor of 20 and 1220?
20
What is the greatest common divisor of 33 and 165?
33
What is the highest common factor of 26 and 221?
13
Calculate the highest common divisor of 560 and 17584.
112
What is the highest common factor of 56200 and 8?
8
What is the highest common divisor of 319 and 348?
29
Calculate the highest common divisor of 133 and 21.
7
What is the greatest common factor of 1610 and 70?
70
Calculate the highest common divisor of 129 and 1376.
43
Calculate the greatest common factor of 165 and 2640.
165
What is the greatest common factor of 78 and 26?
26
What is the greatest common divisor of 6 and 768?
6
What is the greatest common factor of 56 and 119?
7
Calculate the greatest common factor of 407 and 22.
11
Calculate the highest common factor of 460 and 1220.
20
What is the highest common factor of 100 and 1900?
100
Calculate the greatest common divisor of 36 and 11916.
36
Calculate the greatest common divisor of 612 and 7140.
204
What is the greatest common divisor of 99 and 1221?
33
Calculate the highest common divisor of 36 and 654.
6
Calculate the greatest common divisor of 11 and 10109.
11
Calculate the greatest common divisor of 15 and 170.
5
What is the greatest common divisor of 143 and 59917?
143
What is the highest common divisor of 180 and 12330?
90
What is the greatest common divisor of 224 and 32?
32
Calculate the greatest common factor of 168 and 287.
7
What is the greatest common divisor of 8 and 22664?
8
Calculate the highest common factor of 119 and 17.
17
What is the greatest common divisor of 5 and 313?
1
What is the greatest common divisor of 3240 and 15?
15
Calculate the greatest common divisor of 12 and 402.
6
What is the highest common divisor of 36 and 12348?
36
Calculate the greatest common divisor of 424 and 272.
8
Calculate the greatest common factor of 34 and 221.
17
What is the highest common factor of 38 and 589?
19
Calculate the highest common factor of 38 and 12046.
38
Calculate the greatest common divisor of 4 and 26.
2
Calculate the highest common factor of 18 and 18.
18
What is the greatest common factor of 57 and 399?
57
What is the highest common divisor of 756 and 216?
108
What is the highest common factor of 123 and 2501?
41
Calculate the greatest common divisor of 228 and 336.
12
What is the greatest common factor of 11 and 979?
11
Calculate the highest common factor of 1500 and 60.
60
What is the greatest common divisor of 1127 and 874?
23
Calculate the greatest common factor of 704 and 2156.
44
Calculate the greatest common divisor of 1062 and 236.
118
What is the greatest common factor of 13 and 3874?
13
What is the highest common factor of 1128 and 96?
24
What is the greatest common divisor of 72 and 13050?
18
Calculate the greatest common factor of 27 and 174.
3
Calculate the highest common divisor of 6727 and 217.
217
What is the greatest common divisor of 70 and 350?
70
Calculate the highest common factor of 210 and 770.
70
Calculate the highest common factor of 24224 and 64.
32
What is the highest common divisor of 78 and 42?
6
What is the greatest common factor of 440 and 22?
22
What is the highest common divisor of 11061 and 9?
9
What is the greatest common factor of 99 and 5148?
99
What is the greatest common divisor of 660 and 264?
132
What is the highest common divisor of 2015 and 65?
65
What is the highest common factor of 57 and 2451?
57
Calculate the greatest common divisor of 10387 and 47.
47
What is the greatest common divisor of 405 and 10?
5
What is the greatest common factor of 23 and 9568?
23
What is the highest common divisor of 472 and 24?
8
What is the greatest common factor of 32 and 2016?
32
What is the highest common factor of 133 and 76?
19
What is the highest common divisor of 92 and 3818?
46
What is the highest common divisor of 380 and 2508?
76
Calculate the highest common divisor of 36 and 7164.
36
Calculate the highest common divisor of 28 and 6244.
28
What is the highest common divisor of 18 and 3834?
18
Calculate the greatest common divisor of 9 and 12753.
9
What is the highest common divisor of 645 and 860?
215
What is the highest common divisor of 54 and 1242?
54
What is the greatest common factor of 50 and 5325?
25
Calculate the greatest common divisor of 1 and 239.
1
Calculate the highest common factor of 486 and 162.
162
What is the greatest common divisor of 3692 and 52?
52
What is the greatest common factor of 25 and 45?
5
What is the highest common divisor of 258 and 6?
6
Calculate the highest common factor of 63 and 5607.
63
What is the greatest common divisor of 3066 and 1134?
42
Calculate the highest common factor of 6 and 12.
6
What is the highest common factor of 231 and 287?
7
What is the highest common factor of 90 and 24?
6
Calculate the greatest common factor of 375 and 3600.
75
What is the highest common divisor of 448 and 4?
4
Calculate the greatest common factor of 16 and 424.
8
